e greatest common factor of 1394 and 102.
34
What is the greatest common factor of 85 and 385?
5
Calculate the highest common factor of 246 and 324.
6
What is the highest common factor of 1505 and 1419?
43
What is the greatest common factor of 8 and 4232?
8
What is the highest common divisor of 1314 and 18?
18
Calculate the highest common factor of 184 and 88.
8
Calculate the highest common divisor of 832 and 1040.
208
What is the highest common factor of 44 and 16?
4
Calculate the greatest common divisor of 101 and 2323.
101
What is the greatest common divisor of 221 and 91?
13
Calculate the greatest common divisor of 2048 and 24.
8
What is the greatest common factor of 133 and 7?
7
What is the greatest common factor of 20 and 1460?
20
Calculate the highest common factor of 32 and 568.
8
Calculate the highest common factor of 20 and 400.
20
Calculate the highest common divisor of 304 and 950.
38
Calculate the greatest common factor of 61 and 3233.
61
Calculate the highest common factor of 91 and 65.
13
Calculate the greatest common divisor of 416 and 182.
26
Calculate the greatest common factor of 16 and 1936.
16
What is the greatest common factor of 256 and 4?
4
Calculate the highest common factor of 14 and 112.
14
Calculate the greatest common factor of 145 and 348.
29
What is the highest common factor of 1403 and 427?
61
What is the greatest common factor of 8 and 200?
8
Calculate the highest common factor of 31 and 403.
31
Calculate the highest common factor of 16 and 11.
1
What is the highest common factor of 48 and 624?
48
What is the highest common divisor of 74 and 10323?
37
What is the greatest common divisor of 13672 and 24?
8
What is the highest common factor of 1022 and 14?
14
What is the highest common divisor of 518 and 40663?
259
What is the highest common factor of 493 and 116?
29
What is the greatest common factor of 15 and 1020?
15
What is the greatest common divisor of 18 and 873?
9
What is the greatest common divisor of 2508 and 132?
132
Calculate the greatest common divisor of 58463 and 362.
181
Calculate the highest common divisor of 14 and 154.
14
Calculate the highest common divisor of 70 and 11690.
70
What is the greatest common divisor of 102 and 18?
6
What is the greatest common factor of 1 and 107?
1
Calculate the highest common factor of 2 and 298.
2
Calculate the highest common divisor of 36 and 45.
9
Calculate the greatest common factor of 85 and 68.
17
What is the highest common divisor of 940 and 4982?
94
What is the greatest common factor of 86 and 129?
43
What is the greatest common divisor of 52 and 64?
4
What is the greatest common factor of 33 and 2178?
33
What is the highest common divisor of 30 and 21030?
30
What is the greatest common factor of 560 and 1400?
280
What is the highest common divisor of 575 and 2825?
25
Calculate the greatest common divisor of 851 and 46.
23
What is the highest common divisor of 8197 and 7?
7
What is the greatest common factor of 3526 and 129?
43
Calculate the greatest common divisor of 775 and 175.
25
Calculate the highest common divisor of 176 and 512.
16
What is the greatest common factor of 667 and 29?
29
What is the greatest common factor of 551 and 87?
29
What is the greatest common divisor of 98 and 2534?
14
What is the highest common factor of 10 and 50?
10
What is the greatest common factor of 9389 and 82?
41
Calculate the highest common factor of 350 and 4725.
175
Calculate the highest common factor of 447 and 3.
3
Calculate the greatest common factor of 64332 and 12.
12
Calculate the greatest common factor of 804 and 24.
12
Calculate the greatest common factor of 1593 and 590.
59
Calculate the greatest common factor of 26 and 39.
13
Calculate the highest common factor of 16 and 848.
16
What is the highest common divisor of 3741 and 174?
87
Calculate the greatest common factor of 75 and 9180.
15
What is the highest common divisor of 4773 and 645?
129
What is the highest common factor of 256 and 8?
8
What is the highest common factor of 8924 and 828?
92
What is the highest common factor of 6 and 1644?
6
Calculate the highest common factor of 124 and 100.
4
Calculate the greatest common divisor of 630 and 1365.
105
Calculate the greatest common divisor of 5112 and 72.
72
Calculate the highest common divisor of 329 and 7.
7
Calculate the greatest common divisor of 25678 and 37.
37
What is the highest common factor of 1323 and 1701?
189
Calculate the greatest common divisor of 66 and 41118.
66
What is the highest common divisor of 252 and 588?
84
Calculate the greatest common factor of 661 and 3.
1
Calculate the greatest common factor of 1226 and 18.
2
What is the highest common factor of 1170 and 1521?
117
Calculate the highest common divisor of 24 and 1096.
8
Calculate the highest common divisor of 68 and 2414.
34
Calculate the greatest common divisor of 2853 and 3.
3
What is the greatest common factor of 244 and 427?
61
Calculate the greatest common factor of 33 and 16203.
33
Calculate the greatest common divisor of 28 and 224.
28
What is the highest common factor of 20 and 1270?
10
What is the greatest common divisor of 1292 and 76?
76
What is the highest common divisor of 24 and 104?
8
Calculate the highest common factor of 471 and 8635.
157
Calculate the highest common divisor of 322 and 92.
46
What is the greatest common factor of 2043 and 54?
9
What is the highest common factor of 6355 and 155?
155
What is the greatest common divisor of 24 and 2040?
24
Calculate the greatest common divisor of 18 and 942.
6
What is the greatest common divisor of 1574 and 4?
2
What is the greatest common factor of 106 and 7526?
106
What is the highest common divisor of 20 and 6190?
10
What is the greatest common factor of 88 and 209?
11
What is the highest common factor of 30 and 10?
10
Calculate the greatest common divisor of 20 and 36.
4
What is the highest common factor of 225 and 25?
25
Calculate the greatest common divisor of 140 and 175.
35
What is the greatest common divisor of 133 and 19?
19
What is the highest common divisor of 4 and 3?
1
Calculate the greatest common divisor of 299 and 92.
23
What is the highest common factor of 3458 and 76?
38
What is the highest common divisor of 1680 and 10752?
336
What is the highest common factor of 3346 and 14?
14
Calculate the greatest common factor of 48 and 10912.
16
Calculate the greatest common divisor of 90 and 130.
10
What is the highest common divisor of 186552 and 72?
72
Calculate the greatest common factor of 10380 and 140.
20
What is the highest common factor of 6974 and 44?
22
Calculate the greatest common factor of 17917 and 164.
41
What is the greatest common factor of 6868 and 68?
68
What is the highest common divisor of 1098 and 36?
18
What is the greatest common factor of 2512 and 64?
16
Calculate the greatest common factor of 567 and 486.
81
Calculate the highest common factor of 540 and 81.
27
What is the greatest common factor of 48 and 20?
4
Calculate the greatest common divisor of 86 and 688.
86
What is the highest common factor of 224 and 1064?
56
What is the greatest common factor of 1708 and 4392?
244
Calculate the greatest common divisor of 814 and 44.
22
What is the highest common divisor of 8610 and 3280?
410
Calculate the greatest common factor of 4 and 3508.
4
What is the highest common divisor of 448 and 128?
64
Calculate the greatest common factor of 207 and 4416.
69
What is the highest common factor of 27 and 6291?
27
What is the greatest common divisor of 7848 and 48?
24
What is the highest common factor of 24 and 40476?
12
Calculate the greatest common factor of 208 and 440.
8
Calculate the greatest common factor of 18 and 3033.
9
What is the greatest common divisor of 17 and 8279?
17
Calculate the greatest common divisor of 756 and 420.
84
Calculate the highest common divisor of 45 and 19395.
45
Calculate the highest common factor of 97 and 5723.
97
Calculate the greatest common factor of 3230 and 340.
170
What is the highest common factor of 10 and 280?
10
What is the highest common factor of 1287 and 1872?
117
Calculate the highest common factor of 630 and 14.
14
Calculate the greatest common factor of 1000 and 32.
8
What is the highest common divisor of 160 and 27?
1
What is the highes